*t + 2. Let k be g(p). Let u(j) = 2*j**3 - 3*j**2 + 2*j + 2. Determine u(k).
10
Suppose 3*h = 2*h + 4*m - 1, -3*m = -3. Let z = h + -5. Let q(l) = -l**3 - 2*l**2 - 3*l - 3. Give q(z).
3
Let u(h) = -2*h - 9. Suppose 76*o = 73*o - 18. Calculate u(o).
3
Let j(f) be the second derivative of f**4/4 - 2*f**3/3 + f**2 - 12*f. What is j(2)?
6
Let x(w) = -9*w - 2. Suppose -2*u = -u - 2. Give x(u).
-20
Let j(y) = -y**3 - 3*y**2 - y + 8. Let l(k) = -3*k**3 - 7*k**2 - 2*k + 15. Let p(u) = -5*j(u) + 2*l(u). Determine p(0).
-10
Let h(w) = w**2 + 9*w + 9. Let d = -52 - -44. Determine h(d).
1
Let g(o) = 9 + 7 - 3*o - 2 - 5. Calculate g(7).
-12
Let i(p) = 6*p**3 - p**2 - 4*p - 6. Let g(x) = 5*x**3 - x**2 - 3*x - 5. Let d(s) = -5*g(s) + 4*i(s). Suppose -k + 3 = -0. Let v = k - 1. What is d(v)?
-5
Let z(y) = 6*y + 5. Let b = 41 + -45. Give z(b).
-19
Let r(j) = j**2 - 2. Suppose u + 3*n = 17, 6*u + 10 = u + 4*n. Let c be r(u). Let q(o) = 4*o + 3 - 1 - 8*o. Calculate q(c).
-6
Let q(m) be the first derivative of m**6/120 + m**5/20 - m**4/8 - m**3/2 - 7*m**2/2 + 6. Let p(l) be the second derivative of q(l). Give p(-3).
6
Let r(x) = 3*x**3 + 1 - x - x**2 + 2*x**3 - 4*x**3. Let l = -4 + 6. What is r(l)?
3
Let j(g) be the second derivative of -g**6/360 - g**5/60 - g**4/6 - 5*g. Let d(p) be the third derivative of j(p). Give d(-3).
4
Let m(o) = -3*o**2 + o. Let v be -2*(0 - -2)/4. Give m(v).
-4
Let v(k) = k - 13. Let q be v(10). Let j(z) = z**3 + 4*z**2 + 2*z - 4. Let u be j(q). Let i(r) = -3 - r**3 + 3 + 2*r**2 - 1. Calculate i(u).
2
Let f(a) be the first derivative of 1/4*a**4 - 2 - a - 1/2*a**2 + 1/3*a**3. Suppose 0 = -5*u - 2*c, -3*u - u = c. Determine f(u).
-1
Let h(j) be the second derivative of j**4/12 + j**3/6 - j**2/2 - 6*j. Let c = -11 + 8. Calculate h(c).
5
Let n(r) = 8*r + 1. Suppose -8 = -0*b - 2*b. Suppose 0 = -b*f - i + 1, -5*f - 4 = 5*i - 2*i. Calculate n(f).
9
Let i be 1/((-2)/(-24)*-3). Suppose 0 = 5*j + 4*b + 31, -3*b + 0*b - 12 = 0. Let u(s) = 4*s + 10. Let p(z) = -5*z - 11. Let m(r) = i*u(r) + j*p(r). Give m(0).
-7
Let q = 22 - 16. Let b(a) = -a**3 + 7*a**2 - 8*a + 6. Determine b(q).
-6
Let w(o) = 4*o - 1. Let c(k) = k**2 + 1. Let y(x) = -3*c(x) - w(x). Calculate y(-2).
-6
Suppose -5*p = 20, -2*y - 18 = -4*y + 3*p. Suppose t - y = -1. Let g(n) = 0*n**2 - 2*n + 4 + 3*n**2 + 0*n**t - 4*n**2. Calculate g(-3).
1
Let s(z) = -z - 1. Let x(q) = -2*q - 2. Suppose 0 = 4*f - 12, -3*f = t - 2*f - 8. Let u(v) = t*s(v) - 3*x(v). What is u(-7)?
-6
Let d(b) = -17*b**3 + b**2 - 4*b - 3. Let i(a) = -18*a**3 + a**2 - 5*a - 4. Let p(y) = 4*d(y) - 3*i(y). Calculate p(1).
-14
Let i = 6 - 6. Let h(p) = -p - 8. Calculate h(i).
-8
Let w(y) be the second derivative of y**5/20 + 2*y**4/3 - 11*y**3/6 - 2*y**2 + 25*y. Give w(-9).
14
Suppose 0 = -2*b - o - 3 + 8, 5*b - 5*o - 20 = 0. Let x = 2 - b. Let w = x - -2. Let m(d) = 3*d - 1. What is m(w)?
2
Let q(s) = 8*s. Let l be ((-26)/104)/(1/(-4)). What is q(l)?
8
Let u(v) = v**2 + 5*v - 3. Let k be 6/(-10) + (-108)/20. Determine u(k).
3
Suppose 0 = 3*v - 0*v - 5*y + 4, -5*v + 16 = 3*y. Let n(f) = 3*f**v - 2*f**2 - 3*f + 0*f**2 - 1. Let x = -191 - -195. Determine n(x).
3
Let c be 9/(((-54)/(-4))/9). Suppose 0 = -4*s - 12, -2 = 4*u + 4*s - c. Let w(o) be the first derivative of -o**3/3 + 3*o**2 - 2*o + 1. Calculate w(u).
6
Let u = -1 + 2. Let i(n) = 7*n**2 - 5*n - 8. Let g(s) = -6*s**2 + 4*s + 7. Let m(o) = -5*g(o) - 4*i(o). Let k(f) be the first derivative of m(f). Give k(u).
4
Let v(l) = -l**3 - 7*l**2 + 6. Let m be v(-7). Let s(g) = m*g**2 - 6*g**2 + 3*g - 2 + 0*g**2 + g**2. What is s(-4)?
2
Let i(k) be the third derivative of -k**5/60 - 7*k**4/24 - k**3 + 9*k**2. Let m be i(-5). Let j(q) = q**2 - 2*q - 3. What is j(m)?
5
Let f(w) = -125 + w + 125. Let r(k) = -k + 3. Let c be (-1)/(-4) + (-33)/(-12). Let b(y) = c*f(y) + r(y). Determine b(3).
9
Let z(v) = -v**2 - 12*v - 11. Let h(j) = -j**3 + 11*j**2 - 25*j - 3. Let o be h(8). Determine z(o).
0
Let h(c) = -2*c - 4. Let p(j) = 2*j + 5. Let t(g) = -4*h(g) - 3*p(g). Give t(1).
3
Suppose 4 = 4*f, -2*y - y - 3*f + 15 = 0. Let z(h) = 4 - 1 - 2 - y*h**2. Give z(1).
-3
Let u be 0 + 0 + 1 + -2. Let a(j) be the third derivative of -j**6/120 + j**4/24 + j**3/6 + 4*j**2. Give a(u).
1
Suppose 6*q = -27 + 63. Let h(i) = i**2 - 7*i + 3. Give h(q).
-3
Suppose 5*b = 5*i - 31 + 6, 4*i - 20 = 0. Let y(v) be the third derivative of 1/60*v**5 + v**2 + b - 1/6*v**3 + 0*v + 1/12*v**4. Give y(1).
2
Let k(f) = -8*f**3 + 20*f**2 - 20*f - 2. Let c(u) = -3*u**3 + 7*u**2 - 7*u - 1. Let n(m) = 11*c(m) - 4*k(m). Let x = 7 + -11. Give n(x).
1
Let g(r) = r**3 - 3*r**2 - 6*r + 3. Let n = -8 - -13. Suppose 4*k - 3*z - 34 = -z, -n*k = 2*z - 38. Let j = k - 4. Calculate g(j).
-5
Let z be -3 + 3 + (-8 - 0). Let w(n) = -8*n + 14. Let r(d) = -5*d + 7. Let k(t) = 5*r(t) - 3*w(t). Determine k(z).
1
Suppose -4*d - 5*h + 11 = -4*h, -4*h = -5*d - 2. Let k(i) = i**2 - 2*i + 2. Give k(d).
2
Suppose 17 = 3*l + 2*o, -3*l + 5*o = -7*l + 32. Let w(q) = 2 - 4*q + l*q - 3*q**2 - 4 + 0*q. Give w(-2).
-12
Let y(j) = -4*j**2. Let f be y(1). Let i = f + 9. Let s(v) = v**2 - 6*v + 6. Calculate s(i).
1
Let b(k) be the first derivative of 1/2*k**2 - 2 + 6*k - 1/4*k**4 + 5/3*k**3. Let t(g) = g + 1. Let d(f) = -b(f) + 2*t(f). What is d(5)?
1
Let g(p) = -11*p - 172 - 2*p**2 + 165 + p**2 + 4*p. What is g(-7)?
-7
Let u(p) = p**3 - p**2 + 1. Let q(j) = -3*j + 5*j + j**2 - 4*j**2. Let d(t) = q(t) + u(t). What is d(2)?
-3
Let j(t) be the second derivative of -t**5/20 + 3*t**2/2 + 12*t. What is j(0)?
3
Let u = -11 + 5. Let f(o) = 2*o**2 - 8*o. Let d(q) = 3*q**2 - 9*q + 1. Let y(r) = -3*d(r) + 4*f(r). Give y(u).
-9
Let n(k) = k**2 - 7*k - 1. Let g be n(8). Let l(i) = g - 2*i + 4*i + 4. Let h be l(-8). Let r(t) = -t - 11. Determine r(h).
-6
Let f(i) = i**2 - 8. Let t(x) = x + 14. Let u be t(-11). Suppose -u*a = -a. Determine f(a).
-8
Let h be 2 - (2 + 2*-1). Let l(p) = -1 - 5*p**h + 0*p**2 + 6 - p**3. Suppose 0 = -2*o + 3*o + 5. What is l(o)?
5
Suppose -z + 2*z = 3*p - 7, 15 = 5*p. Let d(a) = 0*a**2 - 2*a**z + a**3 + 4*a - 2*a**2 + 4 - a. Determine d(3).
4
Let g(p) = -6*p - 1. Let m be 9*2/(-3) + 2. Let k be -2*(1 - (-6)/m). Let t be 2/((-1 - 2) + k). Give g(t).
5
Let o(v) be the second derivative of -v**4/12 + 3*v**3/2 + v**2 - v. Let u be o(9). Let q(f) = 0 - 3 - u*f + 1 + 0*f. Determine q(2).
-6
Let t(w) = 4*w**3 + w - 1. Let f be -6*((-6)/4 + 1). Suppose -q - 68 = -5*r + f*q, r = 2*q + 16. Suppose 4*g + r = 4*y, -2*g - 1 = 5*y - 2*y. Calculate t(y).
4
Let i(h) = h - 21 + 21. Let u be i(3). Let n(r) = 4*r**2 + r - 3*r - r**3 - r. Give n(u).
0
Let u(h) = 2*h + 0*h - h. Let m(r) = 2*r - 1. Suppose 7*q - 3*q - 16 = 0. Let a(z) = q*u(z) + m(z). Calculate a(-1).
-7
Let k(o) = -6*o - 2. Let i be k(-2). Suppose -2*g + i = 3*g. Let y(w) = w - 3 + w**2 + 0 + 2. Give y(g).
5
Let m = -9 - 0. Let k be 0/(3/(m/(-6))). Suppose k = -3*w + 4*w - 4. Let g(i) = -i + 6. Determine g(w).
2
Let a(d) = -2*d - 2 - d - 3*d**2 + 4*d + 0*d. Give a(-2).
-16
Let s(y) = -y**3 + 5*y**2 - 3*y + 2. Let l(p) = p. Let b be l(3). What is s(b)?
11
Suppose 5*m = i - 46, -3*m + 4*i = -0*m + 14. Let f(g) = g - 3. Give f(m).
-13
Let r(d) = 2*d**3 + 9*d**2 + 10*d + 1. Let u(n) = 3*n**3 + 17*n**2 + 19*n + 2. Let a(t) = 5*r(t) - 3*u(t). Give a(7).
-1
Suppose z = -3*f + 14, -3*f + 10 = 2*f - z. Let d(r) = r**3 - 2*r**2 + 4. Let w(l) = l**3 - 2*l**2 + l + 5. Let i(c) = -3*d(c) + 2*w(c). What is i(f)?
-5
Let g(m) = m**2 + m - 3. Let l(j) = 6*j**2 + 4*j - 16. Let n(o) = 11*g(o) - 2*l(o). What is n(2)?
1
Suppose 0*s + 4*s = 0. Suppose s = 3*o - 6*o. Let z(w) = w**2 + w + 10. Determine z(o).
10
Let s(k) be the third derivative of -11*k**4/24 - k**3/6 + 12*k**2. Give s(1).
-12
Let m = -6 + 2. Let k(a) = -a**2 - 6*a - 6. Let p be k(m). Let y be ((-3)/((-3)/10))/p. Let g(w) = -w**2 + 5*w - 7. Determine g(y).
-7
Let q be (0 + 1)/((-3)/(-3)). Let s = -11 - -13. Let x(d) = 0 + 4*d**s + d - 2*d**2 - 3 + 2. Calculate x(q).
2
Let p(i) be the third derivative of i**6/120 + i**5/12 + 5*i**4/24 + 2*i**3/3 + 3*i**2. Let w = 11 + -18. Let j = w + 3. Calculate p(j).
0
Suppose 4*g - 3*s = s + 24, -g - 2*s = 6. Let n(d) = -2*d + g*d - 2*d - 1. Calculate n(2).
-5
Let v be ((-5)/(15/8))/(6/(-9)). Let k(n) be t